{"id":51,"date":"2018-04-05T10:47:25","date_gmt":"2018-04-05T10:47:25","guid":{"rendered":"https:\/\/wporganic.com\/theme\/praise-church\/?page_id=51"},"modified":"2025-01-16T06:17:39","modified_gmt":"2025-01-16T05:17:39","slug":"about-us","status":"publish","type":"page","link":"https:\/\/lepainpartage.fr\/index.php\/about-us\/","title":{"rendered":"About us"},"content":{"rendered":"<style type=\"text\/css\">@media only screen and (min-width: 1000px) and (max-width: 5000px){body.kc-css-system .kc-css-1460424{width: 49.77%;}body.kc-css-system .kc-css-2663873{width: 50.22%;}body.kc-css-system .kc-css-2751925{width: 49.54%;}body.kc-css-system .kc-css-1290240{width: 50.44%;}body.kc-css-system .kc-css-3633936{width: 33.33%;}body.kc-css-system .kc-css-687917{width: 33.33%;}body.kc-css-system .kc-css-2240283{width: 33.33%;}body.kc-css-system .kc-css-3801664{width: 49.77%;}body.kc-css-system .kc-css-1245721{width: 50.22%;}}body.kc-css-system .kc-css-1647097.kc_title,body.kc-css-system .kc-css-1647097 .kc_title,body.kc-css-system .kc-css-1647097 .kc_title a.kc_title_link{color: #393332;font-size: 21px;}body.kc-css-system .kc-css-1111262 img{padding-top: 40px;padding-bottom: 40px;}body.kc-css-system .kc-css-4160966.kc_title,body.kc-css-system .kc-css-4160966 .kc_title,body.kc-css-system .kc-css-4160966 .kc_title a.kc_title_link{color: #393332;font-size: 21px;}body.kc-css-system .kc-css-97629 img{padding-top: 40px;padding-bottom: 40px;}body.kc-css-system .kc-css-99788.kc_title,body.kc-css-system .kc-css-99788 .kc_title,body.kc-css-system .kc-css-99788 .kc_title a.kc_title_link{color: #393332;font-size: 21px;}body.kc-css-system .kc-css-107385{margin-top: 40px;}body.kc-css-system .kc-css-4078249 .kc_accordion_header,body.kc-css-system .kc-css-4078249 .kc_accordion_header > a{font-size: 42px;}body.kc-css-system .kc-css-4078249 .kc_accordion_header a{text-transform: none;}body.kc-css-system .kc-css-4078249 .kc_accordion_header{border-bottom: 1px solid #dadada;;}body.kc-css-system .kc-css-4078249 .kc_accordion_content{border: 1px hidden #ffffff;}@media only screen and (max-width: 999px){body.kc-css-system .kc-css-728726{padding-bottom: 40px;}}<\/style>\n<section class=\"kc-elm kc-css-3203088 kc_row\">\n<div class=\"kc-row-container  kc-container\">\n<div class=\"kc-wrap-columns\">\n<div class=\"kc-elm kc-css-1460424 kc_col-sm-6 kc_column kc_col-sm-6\">\n<div class=\"kc-col-container\">\n<div class=\"kc-elm kc-css-58525 kc_shortcode kc_single_image\">\n<p>        <a rel=\"prettyPhoto\" class=\"kc-pretty-photo\" href=\"https:\/\/lepainpartage.fr\/wp-content\/uploads\/2018\/04\/mission-icon.png\" title=\"\" target=\"\"><br \/>\n        <img decoding=\"async\" src=\"https:\/\/lepainpartage.fr\/wp-content\/uploads\/2018\/04\/mission-icon.png\" class=\"\" alt=\"\" \/>    <\/a>\n    <\/div>\n<\/div>\n<\/div>\n<div class=\"kc-elm kc-css-2663873 kc_col-sm-6 kc_column kc_col-sm-6\">\n<div class=\"kc-col-container\">\n<div class=\"kc-elm kc-css-4039081 kc-title-wrap \">\n<h1 class=\"kc_title\">Our Mission<\/h1>\n<\/div>\n<div class=\"kc-elm kc-css-1647097 kc-title-wrap \">\n<p>\t<span class=\"kc_title\">Maecenas vehicula maximus diam. Morbi blandit tincidunt ex in rhoncus. Suspendisse id lacus nequ elis faucibus, mattis felisegestas lectus.<\/span>\n<\/div>\n<div class=\"kc-elm kc-css-548459\" style=\"height: 20px; clear: both; width:100%;\"><\/div>\n<div class=\"kc-elm kc-css-4258071 kc_text_block\">\n<p style=\"box-sizing: border-box; margin: 0px 0px 20px; font-size: 18px; color: #696362; line-height: 28px; font-family: Abel;\">Nullam scelerisque tincidunt dui et accumsan. Sed lacinia et sem in bibendum. Donec accumsan turpis in aliquam lobortis. consequat velit id blandit rhoncus. Mauris convallis nunc nec maximus elementum.<\/p>\n<p style=\"box-sizing: border-box; margin: 0px 0px 20px; font-size: 18px; color: #696362; line-height: 28px; font-family: Abel;\">Morbi interdum, tortor at venenatis interdum, urna justo aliquam libero, vitae dignissim diam tortor ac lorem. Integer rutrum aliquet lacus, ut imperdiet ex venenatis sit amet.<\/p>\n<\/div>\n<\/div>\n<\/div>\n<\/div>\n<\/div>\n<\/section>\n<section class=\"kc-elm kc-css-3152999 kc_row\">\n<div class=\"kc-row-container  kc-container\">\n<div class=\"kc-wrap-columns\">\n<div class=\"kc-elm kc-css-2256213 kc_col-sm-12 kc_column kc_col-sm-12\">\n<div class=\"kc-col-container\">\n<div class=\"kc-elm kc-css-1111262 kc_shortcode kc_single_image\">\n<p>        <img decoding=\"async\" src=\"https:\/\/lepainpartage.fr\/wp-content\/uploads\/2018\/04\/custom-divider.png\" class=\"\" alt=\"\" \/>    <\/div>\n<\/div>\n<\/div>\n<\/div>\n<\/div>\n<\/section>\n<section class=\"kc-elm kc-css-728726 kc_row\">\n<div class=\"kc-row-container  kc-container\">\n<div class=\"kc-wrap-columns\">\n<div class=\"kc-elm kc-css-2751925 kc_col-sm-6 kc_column kc_col-sm-6\">\n<div class=\"kc-col-container\">\n<div class=\"kc-elm kc-css-4274070 kc-title-wrap \">\n<h1 class=\"kc_title\">Church Vision<\/h1>\n<\/div>\n<div class=\"kc-elm kc-css-4160966 kc-title-wrap \">\n<p>\t<span class=\"kc_title\">Maecenas vehicula maximus diam. Morbi blandit tincidunt ex in rhoncus. Suspendisse id lacus nequ elis faucibus, mattis felisegestas lectus.<\/span>\n<\/div>\n<div class=\"kc-elm kc-css-1378723\" style=\"height: 20px; clear: both; width:100%;\"><\/div>\n<div class=\"kc-elm kc-css-2490648 kc_text_block\">\n<p style=\"box-sizing: border-box; margin: 0px 0px 20px; font-size: 18px; color: #696362; line-height: 28px; font-family: Abel;\">Nullam scelerisque tincidunt dui et accumsan. Sed lacinia et sem in bibendum. Donec accumsan turpis in aliquam lobortis. consequat velit id blandit rhoncus. Mauris convallis nunc nec maximus elementum.Le vapotage offre une alternative satisfaisante au tabagisme traditionnel, offrant des saveurs vari\u00e9es et des exp\u00e9riences personnalisables. D\u00e9couvrez l&rsquo;exp\u00e9rience de vapotage unique avec <a href=\"https:\/\/www.igetvapeauonline.com\/product-category\/iget-moon\/\">iget moon<\/a>, o\u00f9 chaque bouff\u00e9e ravit vos sens.<\/p>\n<p style=\"box-sizing: border-box; margin: 0px 0px 20px; font-size: 18px; color: #696362; line-height: 28px; font-family: Abel;\">Morbi interdum, tortor at venenatis interdum, urna justo aliquam libero, vitae dignissim diam tortor ac lorem. Integer rutrum aliquet lacus, ut imperdiet ex venenatis sit amet.<\/p>\n<\/div>\n<\/div>\n<\/div>\n<div class=\"kc-elm kc-css-1290240 kc_col-sm-6 kc_column kc_col-sm-6\">\n<div class=\"kc-col-container\">\n<div class=\"kc-elm kc-css-3600112 kc_shortcode kc_single_image\">\n<p>        <a rel=\"prettyPhoto\" class=\"kc-pretty-photo\" href=\"https:\/\/lepainpartage.fr\/wp-content\/uploads\/2018\/04\/visiion-icon.png\" title=\"\" target=\"\"><br \/>\n        <img decoding=\"async\" src=\"https:\/\/lepainpartage.fr\/wp-content\/uploads\/2018\/04\/visiion-icon.png\" class=\"\" alt=\"\" \/>    <\/a>\n    <\/div>\n<\/div>\n<\/div>\n<\/div>\n<\/div>\n<\/section>\n<section class=\"kc-elm kc-css-2718574 kc_row\">\n<div class=\"kc-row-container  kc-container\">\n<div class=\"kc-wrap-columns\">\n<div class=\"kc-elm kc-css-3633936 kc_col-sm-4 kc_column kc_col-sm-4\">\n<div class=\"kc-col-container\">\n<div class=\"kc-elm kc-css-181775 kc-title-wrap \">\n<h2 class=\"kc_title\">Relevant<\/h2>\n<\/div>\n<div class=\"kc-elm kc-css-1607346 kc_text_block\">\n<p><span style=\"color: #696362; font-family: Abel; font-size: 18px;\">Fusce mattis sodales lacus sed vehiec interdum erat vitae massa tinciringilla, nunc in facilisis sodales.<\/span><\/p>\n<\/div>\n<\/div>\n<\/div>\n<div class=\"kc-elm kc-css-687917 kc_col-sm-4 kc_column kc_col-sm-4\">\n<div class=\"kc-col-container\">\n<div class=\"kc-elm kc-css-1987415 kc-title-wrap \">\n<h2 class=\"kc_title\">Ownership<\/h2>\n<\/div>\n<div class=\"kc-elm kc-css-2227921 kc_text_block\">\n<p><span style=\"color: #696362; font-family: Abel; font-size: 18px;\">Fusce mattis sodales lacus sed vehiec interdum erat vitae massa tinciringilla, nunc in facilisis sodales.<\/span><\/p>\n<\/div>\n<\/div>\n<\/div>\n<div class=\"kc-elm kc-css-2240283 kc_col-sm-4 kc_column kc_col-sm-4\">\n<div class=\"kc-col-container\">\n<div class=\"kc-elm kc-css-360147 kc-title-wrap \">\n<h2 class=\"kc_title\">Transformation<\/h2>\n<\/div>\n<div class=\"kc-elm kc-css-490459 kc_text_block\">\n<p><span style=\"color: #696362; font-family: Abel; font-size: 18px;\">Fusce mattis sodales lacus sed vehiec interdum erat vitae massa tinciringilla, nunc in facilisis sodales.<\/span><\/p>\n<\/div>\n<\/div>\n<\/div>\n<\/div>\n<\/div>\n<\/section>\n<section class=\"kc-elm kc-css-1799721 kc_row\">\n<div class=\"kc-row-container  kc-container\">\n<div class=\"kc-wrap-columns\">\n<div class=\"kc-elm kc-css-2242380 kc_col-sm-12 kc_column kc_col-sm-12\">\n<div class=\"kc-col-container\">\n<div class=\"kc-elm kc-css-97629 kc_shortcode kc_single_image\">\n<p>        <img decoding=\"async\" src=\"https:\/\/lepainpartage.fr\/wp-content\/uploads\/2018\/04\/custom-divider.png\" class=\"\" alt=\"\" \/>    <\/div>\n<\/div>\n<\/div>\n<\/div>\n<\/div>\n<\/section>\n<section class=\"kc-elm kc-css-3306240 kc_row\">\n<div class=\"kc-row-container  kc-container\">\n<div class=\"kc-wrap-columns\">\n<div class=\"kc-elm kc-css-3801664 kc_col-sm-6 kc_column kc_col-sm-6\">\n<div class=\"kc-col-container\">\n<div class=\"kc-elm kc-css-592530 kc_shortcode kc_single_image\">\n<p>        <a rel=\"prettyPhoto\" class=\"kc-pretty-photo\" href=\"https:\/\/lepainpartage.fr\/wp-content\/uploads\/2018\/04\/beliefs-icon.png\" title=\"\" target=\"\"><br \/>\n        <img decoding=\"async\" src=\"https:\/\/lepainpartage.fr\/wp-content\/uploads\/2018\/04\/beliefs-icon.png\" class=\"\" alt=\"\" \/>    <\/a>\n    <\/div>\n<\/div>\n<\/div>\n<div class=\"kc-elm kc-css-1245721 kc_col-sm-6 kc_column kc_col-sm-6\">\n<div class=\"kc-col-container\">\n<div class=\"kc-elm kc-css-3454953 kc-title-wrap \">\n<h1 class=\"kc_title\">Our Belief<\/h1>\n<\/div>\n<div class=\"kc-elm kc-css-99788 kc-title-wrap \">\n<p>\t<span class=\"kc_title\">Maecenas vehicula maximus diam. Morbi blandit tincidunt ex in rhoncus. Suspendisse id lacus nequ elis faucibus, mattis felisegestas lectus.<\/span>\n<\/div>\n<div class=\"kc-elm kc-css-97237\" style=\"height: 20px; clear: both; width:100%;\"><\/div>\n<div class=\"kc-elm kc-css-2894385 kc_text_block\">\n<p style=\"box-sizing: border-box; margin: 0px 0px 20px; font-size: 18px; color: #696362; line-height: 28px; font-family: Abel;\">Nullam scelerisque tincidunt dui et accumsan. Sed lacinia et sem in bibendum. Donec accumsan turpis in aliquam lobortis. consequat velit id blandit rhoncus. Mauris convallis nunc nec maximus elementum.<\/p>\n<p style=\"box-sizing: border-box; margin: 0px 0px 20px; font-size: 18px; color: #696362; line-height: 28px; font-family: Abel;\">Morbi interdum, tortor at venenatis interdum, urna justo aliquam libero, vitae dignissim diam tortor ac lorem. Integer rutrum aliquet lacus, ut imperdiet ex venenatis sit amet.<\/p>\n<\/div>\n<\/div>\n<\/div>\n<\/div>\n<\/div>\n<\/section>\n<section class=\"kc-elm kc-css-107385 kc_row\">\n<div class=\"kc-row-container  kc-container\">\n<div class=\"kc-wrap-columns\">\n<div class=\"kc-elm kc-css-2969230 kc_col-sm-12 kc_column kc_col-sm-12\">\n<div class=\"kc-col-container\">\n<div class=\"kc-elm kc-css-4078249 kc_accordion_wrapper\">\n<div class=\"kc-elm kc-css-2946562 kc_accordion_section group \">\n<h3 class=\"kc_accordion_header ui-accordion-header\"><span class=\"ui-accordion-header-icon ui-icon\"><\/span><a href=\"#i-the-scriptures\" data-prevent=\"scroll\"><i class=\"\"><\/i> I. The Scriptures<\/a><\/h3>\n<div class=\"kc_accordion_content ui-accordion-content kc_clearfix\">\n<div class=\"kc-panel-body\">\n<div class=\"kc-elm kc-css-2100712 kc_text_block\">\n<p>Anim pariatur cliche reprehenderit, enim eiusmod high life accusamus terry richardson ad squid. 3 wolf moon officia aute, non cnesciunt sapiente ea proident. Ad vegan excepteur butcher vice lomo. Leggings occaecat craft beer farm-to-table, raw denim aesthetic synth nesciunt you probably haven\u2019t heard of them accusamus labore sustainable VHS.<\/p>\n<p>Quisque posuere rhoncus dolor, quis sagittis enim mattis nec. Nam volutpat, nulla vel sollicitudin fringilla, nisl nisl tempor ipsum, in imperdiet sem felis in eros.<\/p>\n<p>Pellentesque id efficitur libero, sit amet tincidunt ex. Cum sociis natoque penatibus et magnis dis parturient montes, nascetur ridiculus mus. Duis eget dolor justo. Phasellus mattis eu ante in pellentesque.<\/p>\n<p>Nullam et lacinia dui, sit amet molestie nulla. Aenean molestie sodales dui eget consectetur. Donec porta enim et sapien luctus sagittis. Vestibulum condimentum nulla nec elementum mattis. Integer consectetur consequat consectetur. In mattis placerat tristique. Donec vitae semper quam. Nulla et vehicula velit. Pellentesque ut ultrices sapien. Ut posuere tellus ex, nec congue metus sodales ut. Integer vitae tristique odio.<\/p>\n<\/div>\n<\/div>\n<\/div>\n<\/div>\n<div class=\"kc-elm kc-css-3517561 kc_accordion_section group \">\n<h3 class=\"kc_accordion_header ui-accordion-header\"><span class=\"ui-accordion-header-icon ui-icon\"><\/span><a href=\"#ii-god\" data-prevent=\"scroll\"><i class=\"\"><\/i> II. God<\/a><\/h3>\n<div class=\"kc_accordion_content ui-accordion-content kc_clearfix\">\n<div class=\"kc-panel-body\">\n<div class=\"kc-elm kc-css-3914620 kc_text_block\">\n<p>Anim pariatur cliche reprehenderit, enim eiusmod high life accusamus terry richardson ad squid. 3 wolf moon officia aute, non cnesciunt sapiente ea proident. Ad vegan excepteur butcher vice lomo. Leggings occaecat craft beer farm-to-table, raw denim aesthetic synth nesciunt you probably haven\u2019t heard of them accusamus labore sustainable VHS.<\/p>\n<p>Quisque posuere rhoncus dolor, quis sagittis enim mattis nec. Nam volutpat, nulla vel sollicitudin fringilla, nisl nisl tempor ipsum, in imperdiet sem felis in eros.<\/p>\n<p>Pellentesque id efficitur libero, sit amet tincidunt ex. Cum sociis natoque penatibus et magnis dis parturient montes, nascetur ridiculus mus. Duis eget dolor justo. Phasellus mattis eu ante in pellentesque.<\/p>\n<p>Nullam et lacinia dui, sit amet molestie nulla. Aenean molestie sodales dui eget consectetur. Donec porta enim et sapien luctus sagittis. Vestibulum condimentum nulla nec elementum mattis. Integer consectetur consequat consectetur. In mattis placerat tristique. Donec vitae semper quam. Nulla et vehicula velit. Pellentesque ut ultrices sapien. Ut posuere tellus ex, nec congue metus sodales ut. Integer vitae tristique odio.<\/p>\n<\/div>\n<\/div>\n<\/div>\n<\/div>\n<div class=\"kc-elm kc-css-1159435 kc_accordion_section group \">\n<h3 class=\"kc_accordion_header ui-accordion-header\"><span class=\"ui-accordion-header-icon ui-icon\"><\/span><a href=\"#iii-man\" data-prevent=\"scroll\"><i class=\"\"><\/i> III. Man<\/a><\/h3>\n<div class=\"kc_accordion_content ui-accordion-content kc_clearfix\">\n<div class=\"kc-panel-body\">\n<div class=\"kc-elm kc-css-1919342 kc_text_block\">\n<p>Anim pariatur cliche reprehenderit, enim eiusmod high life accusamus terry richardson ad squid. 3 wolf moon officia aute, non cnesciunt sapiente ea proident. Ad vegan excepteur butcher vice lomo. Leggings occaecat craft beer farm-to-table, raw denim aesthetic synth nesciunt you probably haven\u2019t heard of them accusamus labore sustainable VHS.<\/p>\n<p>Quisque posuere rhoncus dolor, quis sagittis enim mattis nec. Nam volutpat, nulla vel sollicitudin fringilla, nisl nisl tempor ipsum, in imperdiet sem felis in eros.<\/p>\n<p>Pellentesque id efficitur libero, sit amet tincidunt ex. Cum sociis natoque penatibus et magnis dis parturient montes, nascetur ridiculus mus. Duis eget dolor justo. Phasellus mattis eu ante in pellentesque.<\/p>\n<p>Nullam et lacinia dui, sit amet molestie nulla. Aenean molestie sodales dui eget consectetur. Donec porta enim et sapien luctus sagittis. Vestibulum condimentum nulla nec elementum mattis. Integer consectetur consequat consectetur. In mattis placerat tristique. Donec vitae semper quam. Nulla et vehicula velit. Pellentesque ut ultrices sapien. Ut posuere tellus ex, nec congue metus sodales ut. Integer vitae tristique odio.<\/p>\n<\/div>\n<\/div>\n<\/div>\n<\/div>\n<div class=\"kc-elm kc-css-831418 kc_accordion_section group \">\n<h3 class=\"kc_accordion_header ui-accordion-header\"><span class=\"ui-accordion-header-icon ui-icon\"><\/span><a href=\"#iv-salvation\" data-prevent=\"scroll\"><i class=\"\"><\/i> IV. Salvation<\/a><\/h3>\n<div class=\"kc_accordion_content ui-accordion-content kc_clearfix\">\n<div class=\"kc-panel-body\">\n<div class=\"kc-elm kc-css-2399194 kc_text_block\">\n<p>Anim pariatur cliche reprehenderit, enim eiusmod high life accusamus terry richardson ad squid. 3 wolf moon officia aute, non cnesciunt sapiente ea proident. Ad vegan excepteur butcher vice lomo. Leggings occaecat craft beer farm-to-table, raw denim aesthetic synth nesciunt you probably haven\u2019t heard of them accusamus labore sustainable VHS.<\/p>\n<p>Quisque posuere rhoncus dolor, quis sagittis enim mattis nec. Nam volutpat, nulla vel sollicitudin fringilla, nisl nisl tempor ipsum, in imperdiet sem felis in eros.<\/p>\n<p>Pellentesque id efficitur libero, sit amet tincidunt ex. Cum sociis natoque penatibus et magnis dis parturient montes, nascetur ridiculus mus. Duis eget dolor justo. Phasellus mattis eu ante in pellentesque.<\/p>\n<p>Nullam et lacinia dui, sit amet molestie nulla. Aenean molestie sodales dui eget consectetur. Donec porta enim et sapien luctus sagittis. Vestibulum condimentum nulla nec elementum mattis. Integer consectetur consequat consectetur. In mattis placerat tristique. Donec vitae semper quam. Nulla et vehicula velit. Pellentesque ut ultrices sapien. Ut posuere tellus ex, nec congue metus sodales ut. Integer vitae tristique odio.<\/p>\n<\/div>\n<\/div>\n<\/div>\n<\/div>\n<div class=\"kc-elm kc-css-1081123 kc_accordion_section group \">\n<h3 class=\"kc_accordion_header ui-accordion-header\"><span class=\"ui-accordion-header-icon ui-icon\"><\/span><a href=\"#v-gods-purpose-of-grace\" data-prevent=\"scroll\"><i class=\"\"><\/i> V. God\u2019s Purpose of Grace<\/a><\/h3>\n<div class=\"kc_accordion_content ui-accordion-content kc_clearfix\">\n<div class=\"kc-panel-body\">\n<div class=\"kc-elm kc-css-2700133 kc_text_block\">\n<p>Anim pariatur cliche reprehenderit, enim eiusmod high life accusamus terry richardson ad squid. 3 wolf moon officia aute, non cnesciunt sapiente ea proident. Ad vegan excepteur butcher vice lomo. Leggings occaecat craft beer farm-to-table, raw denim aesthetic synth nesciunt you probably haven\u2019t heard of them accusamus labore sustainable VHS.<\/p>\n<p>Quisque posuere rhoncus dolor, quis sagittis enim mattis nec. Nam volutpat, nulla vel sollicitudin fringilla, nisl nisl tempor ipsum, in imperdiet sem felis in eros.<\/p>\n<p>Pellentesque id efficitur libero, sit amet tincidunt ex. Cum sociis natoque penatibus et magnis dis parturient montes, nascetur ridiculus mus. Duis eget dolor justo. Phasellus mattis eu ante in pellentesque.<\/p>\n<p>Nullam et lacinia dui, sit amet molestie nulla. Aenean molestie sodales dui eget consectetur. Donec porta enim et sapien luctus sagittis. Vestibulum condimentum nulla nec elementum mattis. Integer consectetur consequat consectetur. In mattis placerat tristique. Donec vitae semper quam. Nulla et vehicula velit. Pellentesque ut ultrices sapien. Ut posuere tellus ex, nec congue metus sodales ut. Integer vitae tristique odio.<\/p>\n<\/div>\n<\/div>\n<\/div>\n<\/div>\n<\/div>\n<\/div>\n<\/div>\n<\/div>\n<\/div>\n<\/section>\n","protected":false},"excerpt":{"rendered":"<p>Our Mission Maecenas vehicula maximus diam. Morbi blandit tincidunt ex in rhoncus. Suspendisse id lacus nequ elis faucibus, mattis felisegestas lectus. Nullam scelerisque tincidunt dui et accumsan. Sed lacinia et sem in bibendum. Donec accumsan turpis in aliquam lobortis. consequat velit id blandit rhoncus. Mauris convallis nunc nec maximus elementum. Morbi interdum, tortor at venenatis &hellip; <\/p>\n<p class=\"link-more\"><a href=\"https:\/\/lepainpartage.fr\/index.php\/about-us\/\" class=\"more-link\">Continue reading<span class=\"screen-reader-text\"> \u00ab\u00a0About us\u00a0\u00bb<\/span><\/a><\/p>\n","protected":false},"author":1,"featured_media":0,"parent":0,"menu_order":0,"comment_status":"closed","ping_status":"closed","template":"","meta":{"footnotes":""},"class_list":["post-51","page","type-page","status-publish","hentry"],"_links":{"self":[{"href":"https:\/\/lepainpartage.fr\/index.php\/wp-json\/wp\/v2\/pages\/51","targetHints":{"allow":["GET"]}}],"collection":[{"href":"https:\/\/lepainpartage.fr\/index.php\/wp-json\/wp\/v2\/pages"}],"about":[{"href":"https:\/\/lepainpartage.fr\/index.php\/wp-json\/wp\/v2\/types\/page"}],"author":[{"embeddable":true,"href":"https:\/\/lepainpartage.fr\/index.php\/wp-json\/wp\/v2\/users\/1"}],"replies":[{"embeddable":true,"href":"https:\/\/lepainpartage.fr\/index.php\/wp-json\/wp\/v2\/comments?post=51"}],"version-history":[{"count":0,"href":"https:\/\/lepainpartage.fr\/index.php\/wp-json\/wp\/v2\/pages\/51\/revisions"}],"wp:attachment":[{"href":"https:\/\/lepainpartage.fr\/index.php\/wp-json\/wp\/v2\/media?parent=51"}],"curies":[{"name":"wp","href":"https:\/\/api.w.org\/{rel}","templated":true}]}}